
0
What is the ten thousands digit of 105710?
0
What is the hundreds digit of 23815810?
8
What is the millions digit of 9604557?
9
What is the millions digit of 1150415?
1
What is the tens digit of 156130?
3
What is the hundred thousands digit of 315344?
3
What is the units digit of 1504805?
5
What is the hundreds digit of 1954560?
5
What is the tens digit of 120684?
8
What is the hundreds digit of 4639?
6
What is the ten thousands digit of 1117543?
1
What is the millions digit of 9830476?
9
What is the hundreds digit of 2232224?
2
What is the ten millions digit of 17880859?
1
What is the tens digit of 619219?
1
What is the hundred thousands digit of 5923933?
9
What is the thousands digit of 31602?
1
What is the ten thousands digit of 15732510?
3
What is the thousands digit of 3569626?
9
What is the units digit of 205159?
9
What is the ten thousands digit of 3974584?
7
What is the thousands digit of 793167?
3
What is the units digit of 532357?
7
What is the hundreds digit of 361807?
8
What is the units digit of 3428181?
1
What is the units digit of 11891?
1
What is the hundreds digit of 11854066?
0
What is the hundred thousands digit of 734943?
7
What is the thousands digit of 13407890?
7
What is the ten thousands digit of 451934?
5
What is the tens digit of 16015?
1
What is the thousands digit of 21871062?
1
What is the hundreds digit of 202899?
8
What is the hundred thousands digit of 19895991?
8
What is the ten thousands digit of 1183932?
8
What is the millions digit of 2308554?
2
What is the units digit of 195001?
1
What is the thousands digit of 2613415?
3
What is the thousands digit of 53267?
3
What is the hundred thousands digit of 257457?
2
What is the tens digit of 1235879?
7
What is the units digit of 2058758?
8
What is the tens digit of 523358?
5
What is the millions digit of 17408774?
7
What is the ten thousands digit of 19059866?
5
What is the hundred thousands digit of 2378989?
3
What is the units digit of 969403?
3
What is the thousands digit of 421935?
1
What is the millions digit of 4412185?
4
What is the hundreds digit of 3063751?
7
What is the tens digit of 1943066?
6
What is the hundred thousands digit of 402239?
4
What is the ten thousands digit of 101186?
0
What is the thousands digit of 482990?
2
What is the thousands digit of 7930038?
0
What is the tens digit of 579770?
7
What is the ten thousands digit of 2542152?
4
What is the hundred thousands digit of 3952294?
9
What is the hundred thousands digit of 2494414?
4
What is the hundreds digit of 134134?
1
What is the ten thousands digit of 17201284?
0
What is the hundreds digit of 20837489?
4
What is the hundreds digit of 624018?
0
What is the hundred thousands digit of 182759?
1
What is the ten thousands digit of 1111406?
1
What is the hundred thousands digit of 423009?
4
What is the units digit of 210594?
4
What is the units digit of 1169085?
5
What is the hundred thousands digit of 1054384?
0
What is the thousands digit of 636533?
6
What is the hundred thousands digit of 135611?
1
What is the hundreds digit of 859695?
6
What is the ten thousands digit of 13816182?
1
What is the thousands digit of 5159992?
9
What is the hundred thousands digit of 216151?
2
What is the units digit of 9174468?
8
What is the millions digit of 9361649?
9
What is the millions digit of 2417412?
2
What is the units digit of 2781056?
6
What is the thousands digit of 247234?
7
What is the units digit of 355547?
7
What is the units digit of 73046?
6
What is the thousands digit of 252609?
2
What is the units digit of 1280398?
8
What is the tens digit of 3730243?
4
What is the units digit of 139675?
5
What is the units digit of 376415?
5
What is the thousands digit of 2054580?
4
What is the hundred thousands digit of 373398?
3
What is the tens digit of 877998?
9
What is the ten thousands digit of 186832?
8
What is the tens digit of 7003855?
5
What is the thousands digit of 3379006?
9
What is the thousands digit of 463256?
3
What is the hundred thousands digit of 262539?
2
What is the hundreds digit of 278250?
2
What is the units digit of 9850733?
3
What is the thousands digit of 11124125?
4
What is the thousands digit of 259525?
9
What is the units digit of 205701?
1
What is the units digit of 1925165?
5
What is the units digit of 1974726?
6
What is the hundred thousands digit of 339224?
3
What is the thousands digit of 2438675?
8
What is the hundreds digit of 48806?
8
What is the tens digit of 7446298?
9
What is the hundreds digit of 254007?
0
What is the hundreds digit of 202215?
2
What is the hundreds digit of 106629?
6
What is the hundred thousands digit of 157125?
1
What is the thousands digit of 2415346?
5
What is the ten thousands digit of 221021?
2
What is the tens digit of 61276?
7
What is the ten thousands digit of 28480?
2
What is the hundreds digit of 474816?
8
What is the units digit of 1228706?
6
What is the hundred thousands digit of 8545151?
5
What is the thousands digit of 3508135?
8
What is the ten thousands digit of 97712?
9
What is the thousands digit of 47492?
7
What is the ten thousands digit of 3156520?
5
What is the millions digit of 26727181?
6
What is the thousands digit of 106664?
6
What is the tens digit of 131228?
2
What is the ten thousands digit of 47167?
4
What is the ten thousands digit of 4432683?
3
What is the millions digit of 12800782?
2
What is the thousands digit of 222119?
2
What is the hundreds digit of 197218?
2
What is the hundred thousands digit of 7341030?
3
What is the tens digit of 17270754?
5
What is the units digit of 7271234?
4
What is the units digit of 17607?
7
What is the tens digit of 7907?
0
What is the millions digit of 17797595?
7
What is the ten thousands digit of 675377?
7
What is the hundreds digit of 309960?
9
What is the tens digit of 542472?
7
What is the millions digit of 2651936?
2
What is the ten thousands digit of 313768?
1
What is the millions digit of 2976733?
2
What is the millions digit of 3215293?
3
What is the hundred thousands digit of 433457?
4
What is the units digit of 1124945?
5
What is the hundred thousands digit of 492718?
4
What is the hundred thousands digit of 393757?
3
What is the ten thousands digit of 31796721?
9
What is the hundreds digit of 8691942?
9
What is the units digit of 5454154?
4
What is the hundreds digit of 31124?
1
What is the tens digit of 289334?
3
What is the hundreds digit of 9446748?
7
What is the tens digit of 5961717?
1
What is the hundreds digit of 106832?
8
What is the hundred thousands digit of 447929?
4
What is the hundred thousands digit of 2159836?
1
What is the tens digit of 255396?
9
What is the hundreds digit of 110652?
6
What is the thousands digit of 8954699?
4
What is the hundred thousands digit of 1224926?
2
What is the thousands digit of 16068?
6
What is the millions digit of 1566219?
1
What is the millions digit of 13820132?
3
What is the millions digit of 1571984?
1
What is the ten millions digit of 29788671?
2
What is the hundred thousands digit of 686925?
6
What is the thousands digit of 3843825?
3
What is the millions digit of 1666584?
1
What is the tens digit of 35471?
7
What is the units digit of 608644?
4
What is the tens digit of 3810826?
2
What is the hundred thousands digit of 389568?
3
What is the thousands digit of 2127180?
7
What is the hundreds digit of 1164815?
8
What is the units digit of 4235047?
7
What is the ten thousands digit of 288563?
8
What is the millions digit of 1336450?
1
What is the thousands digit of 128195?
8
What is the hundred thousands digit of 32459427?
4
What is the millions digit of 2355731?
2
What is the millions digit of 14720431?
4
What is the ten thousands digit of 22099543?
9
What is the units digit of 6399069?
9
What is the units digit of 42333?
3
What is the hundreds digit of 3263567?
5
What is the hundreds digit of 76888?
8
What is the tens digit of 4643799?
9
What is the hundreds digit of 1574513?
5
What is the ten thousands digit of 17937089?
3
What is the units digit of 2005448?
8
What is the ten millions digit of 15353784?
1
What is the units digit of 1019245?
5
What is the millions digit of 39820527?
9
What is the hundreds digit of 756547?
5
What is the units digit of 4369959?
9
What is the tens digit of 14521556?
5
What is